factors of 1209998804?
2, 7, 199, 217157
List the prime factors of 72718512.
2, 3, 73, 20753
List the prime factors of 596928072.
2, 3, 13, 17, 112543
List the prime factors of 29619475.
5, 43, 59, 467
What are the prime factors of 677243761?
677243761
List the prime factors of 1687277001.
3, 191, 2944637
List the prime factors of 241911641.
293, 825637
List the prime factors of 971599347.
3, 35985161
What are the prime factors of 47735674?
2, 7, 1487, 2293
What are the prime factors of 164474556?
2, 3, 13706213
What are the prime factors of 476772819?
3, 23, 6909751
List the prime factors of 28609672.
2, 7, 13, 3023
List the prime factors of 892278.
2, 3, 19, 2609
What are the prime factors of 12375156?
2, 3, 19, 54277
What are the prime factors of 117040704?
2, 3, 11, 151, 367
What are the prime factors of 216714264?
2, 3, 13, 694597
List the prime factors of 413069926.
2, 23, 8979781
List the prime factors of 152576590.
2, 5, 15257659
What are the prime factors of 24703117?
383, 64499
What are the prime factors of 151584459?
3, 13, 269, 14449
What are the prime factors of 272786862?
2, 3, 17, 2674381
List the prime factors of 643623964.
2, 4691, 34301
List the prime factors of 49172501.
7, 97, 139, 521
List the prime factors of 29150430.
2, 3, 5, 23, 83, 509
List the prime factors of 2990698.
2, 1495349
What are the prime factors of 38522594?
2, 11, 863, 2029
List the prime factors of 1723071031.
11, 19, 1753, 4703
What are the prime factors of 3014782781?
3014782781
List the prime factors of 3326513517.
3, 2657, 139109
What are the prime factors of 305334974?
2, 7, 251, 12413
List the prime factors of 585766562.
2, 103, 2843527
What are the prime factors of 106946390?
2, 5, 10694639
List the prime factors of 318381217.
7, 11, 163, 25367
What are the prime factors of 250951044?
2, 3, 20912587
What are the prime factors of 159090157?
383, 415379
List the prime factors of 662742416.
2, 7, 17, 89, 3911
What are the prime factors of 1744982572?
2, 19, 67, 342691
What are the prime factors of 38352229?
73, 525373
What are the prime factors of 1020170963?
7, 9551, 15259
What are the prime factors of 2361334228?
2, 11, 37, 53, 27367
List the prime factors of 2190210574.
2, 31, 491, 71947
List the prime factors of 107823864.
2, 3, 1361, 3301
List the prime factors of 16841463.
3, 31, 47, 3853
List the prime factors of 1737520168.
2, 109, 401, 4969
What are the prime factors of 1398335383?
31, 45107593
List the prime factors of 455832372.
2, 3, 307, 123733
List the prime factors of 71331657.
3, 107, 317, 701
What are the prime factors of 52572411?
3, 19, 23, 13367
List the prime factors of 496139581.
7, 70877083
List the prime factors of 12694083.
3, 29, 53, 2753
What are the prime factors of 68030624?
2, 443, 4799
What are the prime factors of 5049599308?
2, 13, 23, 103, 179, 229
What are the prime factors of 4187690624?
2, 13, 131, 19211
List the prime factors of 74159628.
2, 3, 6179969
What are the prime factors of 187880435?
5, 37576087
List the prime factors of 84132523.
131, 642233
What are the prime factors of 322454247?
3, 107484749
What are the prime factors of 53389157?
281, 189997
List the prime factors of 426090503.
103, 1451, 2851
What are the prime factors of 664383336?
2, 3, 19, 23, 63347
What are the prime factors of 89785077?
3, 23, 1301233
List the prime factors of 108934249.
17, 6407897
List the prime factors of 469080916.
2, 29, 59, 68539
What are the prime factors of 29429365?
5, 7, 840839
List the prime factors of 461612143.
461612143
List the prime factors of 46222940.
2, 5, 2311147
List the prime factors of 320909738.
2, 160454869
List the prime factors of 743319757.
743319757
What are the prime factors of 161080662?
2, 3, 263, 102079
List the prime factors of 7567910.
2, 5, 7, 73, 1481
List the prime factors of 278648768.
2, 17, 193, 1327
What are the prime factors of 64170460?
2, 5, 23, 139501
List the prime factors of 983947294.
2, 11, 44724877
List the prime factors of 76625969.
7, 53, 71, 2909
What are the prime factors of 1603699?
1603699
List the prime factors of 1340514594.
2, 3, 43, 1731931
What are the prime factors of 313751448?
2, 3, 1452553
What are the prime factors of 216327329?
17, 3109, 4093
List the prime factors of 1438688500.
2, 5, 509, 5653
What are the prime factors of 2100943665?
3, 5, 43, 421, 2579
List the prime factors of 411212585.
5, 7, 97, 121123
What are the prime factors of 269054472?
2, 3, 1069, 10487
What are the prime factors of 1871844501?
3, 623948167
List the prime factors of 59283713.
43, 1378691
What are the prime factors of 483466987?
483466987
What are the prime factors of 1090594938?
2, 3, 29, 6267787
List the prime factors of 235503786.
2, 3, 7, 5607233
List the prime factors of 795817230.
2, 3, 5, 13, 2040557
List the prime factors of 6703217668.
2, 7, 31, 293, 26357
List the prime factors of 2649002224.
2, 11, 15051149
What are the prime factors of 78924577?
89, 886793
List the prime factors of 3478969996.
2, 19, 2409259
What are the prime factors of 120996397?
9281, 13037
What are the prime factors of 1917255448?
2, 41, 43, 135937
What are the prime factors of 1884565183?
653, 2886011
List the prime factors of 459696741.
3, 7, 181, 120941
List the prime factors of 51610959.
3, 1911517
What are the prime factors of 87280419?
3, 29093473
What are the prime factors of 1386123294?
2, 3, 853, 270833
What are the prime factors of 43962457?
7, 11, 81563
List the prime factors of 515310886.
2, 257655443
List the prime factors of 3458558329.
3458558329
List the prime factors of 107070160.
2, 5, 1338377
List the prime factors of 351198930.
2, 3, 5, 359, 32609
What are the prime factors of 6989410?
2, 5, 643, 1087
List the prime factors of 335118699.
3, 37235411
What are the prime factors of 80376032?
2, 11, 228341
List the prime factors of 133074836.
2, 887, 37507
What are the prime factors of 11655157?
11655157
What are the prime factors of 523078344?
2, 3, 2421659
What are the prime factors of 97289869?
6053, 16073
What are the prime factors of 2429771380?
2, 5, 29, 4189261
What are the prime factors of 6574283?
139, 47297
What are the prime factors of 351093447?
3, 353, 4093
List the prime factors of 34541262.
2, 3, 7, 23, 29, 137
List the prime factors of 4549938584.
2, 2689, 211507
List the prime factors of 308284265.
5, 131, 470663
What are the prime factors of 2739968?
2, 7, 11, 139
What are the prime factors of 65076310?
2, 5, 13, 500587
List the prime factors of 1923426287.
1923426287
What are the prime factors of 1483958873?
23, 271, 238081
What are the prime factors of 79445680?
2, 5, 23, 43177
What are the prime factors of 2297113254?
2, 3, 37, 3449119
List the prime factors of 224633936.
2, 31, 103, 4397
List the prime factors of 4756857687.
3, 528539743
List the prime factors of 1948874447.
13, 263, 570013
List the prime factors of 73927775.
5, 2957111
List the prime factors of 19349703.
3, 701, 3067
List the prime factors of 753668689.
19379, 38891
List the prime factors of 1691863397.
7, 1597, 151343
List the prime factors of 2130090031.
163, 13068037
What are the prime factors of 19206156?
2, 3, 571, 2803
List the prime factors of 18658204.
2, 181, 25771
List the prime factors of 466916692.
2, 11, 41, 61, 4243
List the prime factors of 1622035966.
2, 19, 83, 103, 4993
What are the prime factors of 706961397?
3, 235653799
List the prime factors of 181510322.
2, 7, 1223, 10601
What are the prime factors of 4374473435?
5, 1511, 579017
List the prime factors of 1701174202.
2, 7, 13, 9347111
List the prime factors of 3045321225.
3, 5, 4511587
List the prime factors of 1171233159.
3, 390411053
What are the prime factors of 449322777?
3, 49924753
List the prime factors of 50899681.
7, 61, 17029
What are the prime factors of 6082406739?
3, 31, 1783, 12227
What are the prime factors of 109808407?
359, 305873
List the prime factors of 32530567.
71, 283, 1619
List the prime factors of 4882316444.
2, 23, 181, 449, 653
What are the prime factors of 209409637?
209409637
What are the prime factors of 2576897277?
3, 858965759
List the prime factors of 723418442.
2, 17, 439, 2851
What are the prime factors of 159928796?
2, 2671, 14969
List the prime factors of 1487725635.
3, 5, 11, 53,